5
Evaluate (37 - 29) + -41 - 10.
-43
Calculate -53 - (6 + 1 + -26 + 9).
-43
-338 + 419 - (140 - -8)
-67
What is -43 - (12 + (99 - 86))?
-68
What is the value of -69 - (62 - (41 + 98))?
8
Calculate -1 + 32 - (5 + (35 - -5) + -31).
17
Calculate -9 + (261 - 119 - (3 + 12)).
118
Evaluate 3 + (-2 - -15 - ((30 - 52) + 50)).
-12
-8 + (0 - -2) - (-812 + 827)
-21
Calculate -14 + 13 + (-7 + 2 - -1).
-5
What is the value of 3 - (34 - (-19 - -23) - (9 + 0)) - -12?
-6
What is (0 - (-3 + 50)) + -2 + (-27 - -34)?
-42
2 - (14 + -2 + (-180 - -177) - 14)
7
What is -24 + -2 - (-1 - 39 - (-226 + 202))?
-10
What is the value of 132 - -33 - 63 - (24 - -1)?
77
Calculate 17 + -6 + 55 - 63 - (21 - 2).
-16
3 + 9 + (-86 - -72)
-2
40 + (57 - 54) + -16
27
What is the value of -100 - (-57 + -102) - 120?
-61
150 - 70 - (-41 - (-11 - -4))
114
Calculate 1 - (2 + -3) - (-32 - (15 - 38) - -38).
-27
Evaluate -76 + (6 - (-181 - -125)).
-14
What is -180 - -118 - -71 - -63?
72
Evaluate 127 + -20 + -12 + -38 + 45.
102
What is the value of (-23 - 11) + 118 + -72?
12
What is -2 + (-2 - -2 - (-122 + 3 - (140 - 143)))?
114
What is (-1 + 3 - 31) + (108 - (218 + -94))?
-45
What is -60 + 0 - ((-4 - 5) + 21 + (-59 - -38))?
-51
-47 - (-20 - (-19 - (6 - 8)))
-44
What is 8 + 5 - (-10 + -48 - -136)?
-65
Calculate 74 + 14 + -19 - (-26 - -32).
63
Calculate -191 + (237 - (-131 + 267)).
-90
What is the value of 5 - ((7 - (-2 + 13 + 1)) + -13)?
23
What is 3 - ((-9 - -21) + 4)?
-13
Evaluate (43 - 165) + 64 + 2 + -3 + (2 - 2).
-59
Evaluate -155 - -165 - (-2 + -5 + 1).
16
Calculate 10 - (114 + (13 - 19) + 2) - 4.
-104
-103 + (192 - (13 + 85))
-9
What is -66 + (94 - 60) + 108?
76
Calculate (-844 - -832 - (19 + 2)) + 134.
101
What is (11 - (-5 + (-4 + -1 - -6) + 10)) + 61?
66
What is the value of (20 + -2 - -2) + (-527 - -527)?
20
Calculate (-10 - 14) + 14 + -15.
-25
What is the value of -38 + (-28 - (-53 - -5)) - -7?
-11
What is -11 - -2 - (3 + (-4 - 7) + 5) - 25?
-31
What is (79 - 1) + (13391 - 13435)?
34
Calculate 1 + (5 - 10) - (-16 + 39 - -36).
-63
What is (-12 - -5) + (131 - 79) + 4 + 0?
49
-150 - (-129 - -121 - 22)
-120
What is the value of -12 + (-2 - (18 + -8)) - -32?
8
-3 + 1 - -15 - -6 - (60 - 55)
14
-12 + (-18 - -34) - 23 - -27
8
What is the value of 12 - (74 - (22 + -2))?
-42
(-1 - (-13 + 1 + -3)) + (114 - 131 - -25)
22
What is (11 - -3) + (-9 - -2) - ((13 - 3) + -3)?
0
24 + -12 - -40 - (-26 + 59)
19
Calculate 3 - (12 + -15) - (-3 - -4 - -2) - 47.
-44
What is the value of -107 + -9 + 15 + 87?
-14
Calculate -25 - (-12 - (-18 + 27) - -22).
-26
Evaluate (29 + -10 - 17) + -8 + 1 + (2 - 32).
-35
Calculate 27 + -41 + -34 - 11.
-59
Calculate (-38 - -79 - 1) + 5 + -4.
41
Evaluate 0 - 6 - (7 + 0 + -18 + 136 + -141).
10
What is -69 - (21 + -2 + -41 + 42)?
-89
What is (0 + 61 - (1 + -18 + 6)) + -1 + -2?
69
11 - (-4 + 25 + 24)
-34
Evaluate 33 + (-10 - 46) - -37.
14
Calculate (0 - 0) + 18 - (273 - (-30 + 288)).
3
Calculate 90 + (-55 - 57) + -32 + -3.
-57
What is the value of 364 + -421 + (-1 - -84)?
26
-1 - 30 - (-164 - (-51 - 13))
69
Calculate (-2 - (-1 - 1) - 97) + (26 - (68 + -49)).
-90
-21 + -159 + 97 - -107
24
Calculate -1 - (3 - 30 - -1 - (9 + 11 - 23)).
22
What is the value of -57 + (7 - (-62 - -28) - 14)?
-30
-44 + (94 + -66 - 18)
-34
What is the value of -94 + 174 + -54 - (-2 + (0 - -16))?
12
-507 + 494 - (-21 - -2)
6
Evaluate 1 + 1 + (5 - 7) - (-8 + (6 - 6)).
8
What is (-5 - 16 - 1 - -43 - 3) + 62?
80
Evaluate -1 + 19 - 9 - -145 - (10 + 42 + -36).
138
Evaluate (28 - 112) + (18 - (-23 - -18)).
-61
What is -8 - (27 - ((-37 - -18) + 17))?
-37
Evaluate (1 - (-15 + (33 - 1))) + -65 + 27.
-54
What is -15 - ((-16 - -3) + 20) - -24?
2
Evaluate -16 + (82 - 19) + 11.
58
Evaluate -211 - -176 - (2 + 5 + (-8 + 7 - 8)).
-33
7 - ((15 - 1) + -7 + 2)
-2
What is 8 - (3 - -7 - -1) - 54?
-57
Calculate 59 + -30 - (59 + -145).
115
84 - (76 + (89 - 102))
21
What is -38 + (7 - (-3 + 22 + -18 - 3))?
-29
Calculate (-3048 - -3070) + (-3 - 75).
-56
Calculate 29 + -31 + -30 + 1.
-31
What is the value of -81 - -227 - 152 - (-1 + 1 + 19)?
-25
Evaluate -14 - (-15 - (-4 - (11 + 4 + -31))).
13
What is 5 + -82 + (-12 - (-15 - (-12 - -8))) + 14?
-64
31 - ((0 - -13 - 14) + 13)
19
Calculate 756 + -787 - (-56 + -1).
26
Evaluate 52 + -9 - (1 + -5 + (-22 - -30)).
39
1 + 51 - ((173 - -72) + -283)
90
What is -5 - (10 - 19) - ((5 - 26) + -1 + 0)?
26
Evaluate (-3 - (2 + -46) - 8) + (5 - (3 + -5)).
40
Calculate 49 + (4 - (-1 + 6)) + -16.
32
Calculate 39 + -28 + 28 - (-39 + 4).
74
What is 18 - (-10 + 5 + 5 - -17) - -28?
29
Calculate (2 - 19) + (28 - (8 - -15)) + -2 + -10.
-24
-36 + (-3 - (-30 - (17 + -28))) + 167
147
-1 - -1 - ((21 - (-16 + 3 + 70)) + 25)
11
0 - -2 - (3 + 33 + -14 + 2 + 22)
-44
What is 4 + -3 + -7 - (-36 + 57 - -50)?
-77
Calculate 57 - (-21 - (-36 - -4)).
46
-973 + 1007 + (1 - 87)
-52
(-24 - (-90 - -34)) + -33 - (-138 - -5)
132
Evaluate (12 - -62) + 99 + -183.
-10
Evaluate 11 - -88 - ((-35 - -45) + 0 + 4).
85
Evaluate (-9 - 3) + -4 + (-12 - (-27 + 15)).
-16
What is the value of (-14 - -1) + (138 - (199 + -180))?
106
Evaluate -64 + 70 + -6 + (12 - -2 - -3).
17
(44 - 56) + (-32 - -20)
-24
What is the value of -1 - 15 - (-343 - -373) - (2 - (2 - 2))?
-48
What is 71 - 50 - 49 - -49?
21
What is -2 + 2 + 27 - (44 + (98 - 143))?
28
What is the value of (1 - -74 - (397 - 415)) + 0?
93
What is -1232 + 1240 + (0 - -2 - -2)?
12
What is the value of -35 + 54 + (-16 - -18) + -18?
3
What is the value of -3 - -5 - 30 - (61 + -100 + 48)?
-37
(-5 - 2 - -3) + (1 - (5 - 12)) + 0
4
Calculate -18 - 1 - (-1294 + 1321) - (-1 + 2).
-47
Evaluate -77 - (-64 + 84) - -56.
-41
-14 - (-39 - (-27 - (11 + -19)))
6
(-71 + (0 - 5) + -2 - -6) + -14
-86
Evaluate 87 - (-27 + 87 - 13).
40
Calculate 71 + (-4 - -19 - 38).
48
What is 5 + -16 + -5 + -15 + -8 + -3?
-42
What is the value of 1 + 3 - (-53 - -59 - (-9 + 5 + 1))?
-5
What is the value of -1 + -11 + -487 + 477 - (-6 + 1)?
-17
0 - (-20 - -3) - (7246 - 7279)
50
Evaluate (4 + 10 - (-32 + 28)) + -23.
-5
Evaluate 4 - (12 - -2) - -22 - (88 + -4).
-72
Evaluate -242 + (112 - -18) - 15.
-127
Evaluate -576 + 616 + (-1 - (0 + 2)) - 10.
27
What is 1145 + -1122 + (-3 - (-17 - 3))?
40
What is the value of -78 + 38 + (1 - 2) + 20?
-21
What is -2 + -1 - 21 - (0 + 72 + -60)?
-36
What is (-34 - (-12 - 10) - -53) + -17 + 2?
26
What is the value of (3 - -30) + (-80 - -57) + (1 - -17)?
28
What is -4 + 2 + (-2285 - -2285)?
-2
-12 - (71 + (64 - 151))
4
What is -67 + (-60 - -59) - -11?
-57
What is 59 + 10 + (31 - (-32 - -116))?
16
Evaluate (26 - (18 - -14)) + -9 + (9 - 5).
-11
Evaluate -1 + 5 + 49 + -51 - (-9 - 1).
12
-40 - (-64 + -25 + 14)
35
Evaluate (8 - -1) + -5 + 2 + -1 + (1589 - 1521).
73
4 + -20 + 51 - (2 - 10)
43
What is (-67 - (3 + 1) - 2) + -14 + (2 - -8)?
-77
What is the value of (-28 - 1 - (-826 + 829)) + 34?
2
-120 - (2 - (81 + -14))
-55
What is 69 - (748 - 791 - (2 + -29))?
85
Evaluate -12 + -21 + (-1 - (-19 - -2)).
-17
What is the value of -16 + 4 + (-87 + 18 - -27)?
-54
What is the value of -19 + (12 - (1 + 12 - (20 - 14)))?
-14
What is (-124 - (-55 + 25)) + 6 + 18?
-70
(-8 + (13 - 19) + 25 - -22) + 1 + 1
35
Calculate 3 + 4 + (-11 + -15 + -7 - (28 - 50)).
-4
Calculate (30 - (119 + -73)) + (-16 - 1).
-33
-123 + -3 + (2486 - 2439)
-79
Evaluate 16 + -14 + (-53 - -13) - -5.
-33
What is (71 - 9) + (2 - (15 - 8)) + -6?
51
Calculate (73 - 114 - -50) + (1 - (0 - -1)).
9
What is the value of 45 + (-4 - 10 - (-24 - (-12 + 0)))?
43
What is the value of 23 + -4 + 27 + -115 + 38?
-31
Evaluate 0 + (-4 - (-12 + -3) - 62) + 8.
-43
What is -26 - ((-692 - -721) + -1 + -105)?
51
What is 20 - 3 - (-82 + 70 + -1 + 6 + 0)?
24
Evaluate 34 - (-16 - -10 - -35).
5
Evaluate -75 - (5 - (15 - 1 - (-186 - -191)) - 8).
-63
What is the value of 18 + -6 + -48 + -3 + 4?
-35
What is (22 - (25 - 10)) + (-6 + -10 - 97)?
-106
What is 5 + (-14 + (11 - -16) + 4 - 71)?
-49
-43 - -37 - (10 + (1 - 0 - 5 - -6))
-18
Calculate -2 + -5 - (-8 + 16 - (8 - -4) - 6).
3
What is the value of 10 - 52 - (-4 + -31)?
-7
Evaluate -3 - (-2 + 2) - (-2060 - -2038) - (-3 + -3).
25
Evaluate 18 - (-7 + (-8 + 40 - -3)).
-10
Calculate -104 - -81 - (4 - 11) - 10.
-26
What is the value of -44 + (39 + -76 - -102)?
21
Calculate (16 - 26 - 24) + -27 + 24 + -8.
-45
What is the va